{"id":14103,"date":"2024-07-23T17:55:07","date_gmt":"2024-07-23T15:55:07","guid":{"rendered":"https:\/\/weingut-zoebel.de\/catalog\/?product=2022-winzergluehwein-aus-rotwein-10l"},"modified":"2025-11-07T20:00:23","modified_gmt":"2025-11-07T18:00:23","slug":"2022-winzergluehwein-aus-rotwein-10l","status":"publish","type":"product","link":"https:\/\/weingut-zoebel.de\/catalog\/?product=2022-winzergluehwein-aus-rotwein-10l","title":{"rendered":"<br>2022 Winzergl\u00fchwein -aus Rotwein-   1,0l<br>"},"content":{"rendered":"<div align=\"left\"><font size=\"1\">2022 Winzergl\u00fchwein -aus Rotwein-   1,0l<\/p>\n<p>        <font color=\"#666666\"><br \/><!-- IBGHTML -->Ein Erzeugnis aus unseren eigenen Weinen. <BR>Hocharomatisch, w\u00fcrzig und fruchtig zugleich, <BR>wie selbst gemacht.<BR>Unser Winzergl\u00fchwein ist hei\u00df oder kalt immer <BR>ein Genu\u00df. Hei\u00df, als wohliger &#8222;Einheizer&#8220; f\u00fcr die<BR>kalten Tage. Gek\u00fchlt, und mit Secco aufgegossen <BR>als stilvoller Wintercoctail.<\/font><\/p>\n<p><\/font><\/div>\n<table WIDTH=\"60%\" BORDER=\"0\" align=\"left\" CELLPADDING=\"0\" CELLSPACING=\"0\"><\/p>\n<tr><\/p>\n<td width=\"53%\"><font size=\"-1\">Artikelnummer:<\/font><\/td>\n<td width=\"47%\"><font size=\"-1\"><strong>200<\/strong><\/font><\/td>\n<p><\/tr>\n<tr><\/p>\n<td><font size=\"-1\">Inhalt<\/font><\/td>\n<td><font size=\"-1\"><strong>1,0 Ltr.<\/strong><\/font><\/td>\n<p><\/tr>\n<tr ALIGN=\"LEFT\"><\/p>\n<td><font size=\"-1\">Preis\/Ltr.<\/font><\/td>\n<td><font size=\"-1\"><strong>6,30 EUR pro Ltr.<\/strong><\/font><\/td>\n<p><\/tr>\n<tr><\/p>\n<td><font size=\"-1\">Weinart:<\/font><\/td>\n<td><font size=\"-1\"><strong>Rotwein<\/strong><\/font><\/td>\n<p><\/tr>\n<tr><\/p>\n<td><font size=\"-1\">Qualit&auml;tsstufe<\/font><\/td>\n<td><font size=\"-1\"><strong>Qualit\u00e4tswein<\/strong><\/font><\/td>\n<p><\/tr>\n<tr><\/p>\n<td><font size=\"-1\">Rebsorte<\/font><\/td>\n<td><font size=\"-1\"><strong>Sankt Laurent<\/strong><\/font><\/td>\n<p><\/tr>\n<tr>  <\/p>\n<td><font size=\"-1\">Restzuckergehalt<\/font><\/td>\n<p>  <\/p>\n<td><font size=\"-1\"><strong><\/strong><\/font><\/td>\n<p><\/tr>\n<p><\/p>\n<tr><\/p>\n<td><font size=\"-1\">Alkoholgehalt<\/font><\/td>\n<td><font size=\"-1\"><strong><\/strong><\/font><\/td>\n<p><\/tr>\n<p><\/p>\n<tr>\n<td><font size=\"-1\">Bio:<\/font><\/td>\n<td><font size=\"-1\"><strong>NEIN<\/strong><\/font><\/td>\n<\/tr>\n<p><\/p>\n<tr>\n<td><font size=\"-1\">vegan:<\/font><\/td>\n<td><font size=\"-1\"><strong>JA<\/strong><\/font><\/td>\n<\/tr>\n<p><\/p>\n<tr>\n<td><font size=\"-1\">Ursprungsland:<\/font><\/td>\n<td><font size=\"-1\"><strong><\/strong><\/font><\/td>\n<\/tr>\n<p><\/p>\n<tr>\n<td><font size=\"-1\">enth\u00e4lt Allergene:<\/font><\/td>\n<td><font size=\"-1\"><strong>Sulfite<\/strong><\/font><\/td>\n<\/tr>\n<p><\/table>\n","protected":false},"excerpt":{"rendered":"<p>2022 Winzergl\u00fchwein -aus Rotwein- 1,0l Ein Erzeugnis aus unseren eigenen Weinen. Hocharomatisch, w\u00fcrzig und fruchtig zugleich, wie selbst gemacht.Unser Winzergl\u00fchwein ist hei\u00df oder kalt immer ein Genu\u00df. Hei\u00df, als wohliger &#8222;Einheizer&#8220; f\u00fcr diekalten Tage. Gek\u00fchlt, und mit Secco aufgegossen als stilvoller Wintercoctail. Artikelnummer: 200 Inhalt 1,0 Ltr. Preis\/Ltr. 6,30 EUR pro Ltr. Weinart: Rotwein Qualit&auml;tsstufe [&hellip;]<\/p>\n","protected":false},"featured_media":0,"comment_status":"open","ping_status":"closed","template":"","meta":[],"product_brand":[],"product_cat":[2371],"product_tag":[],"class_list":{"0":"post-14103","1":"product","2":"type-product","3":"status-publish","5":"product_cat-spezialitaeten","7":"first","8":"instock","9":"taxable","10":"shipping-taxable","11":"purchasable","12":"product-type-simple"},"_links":{"self":[{"href":"https:\/\/weingut-zoebel.de\/catalog\/index.php?rest_route=\/wp\/v2\/product\/14103"}],"collection":[{"href":"https:\/\/weingut-zoebel.de\/catalog\/index.php?rest_route=\/wp\/v2\/product"}],"about":[{"href":"https:\/\/weingut-zoebel.de\/catalog\/index.php?rest_route=\/wp\/v2\/types\/product"}],"replies":[{"embeddable":true,"href":"https:\/\/weingut-zoebel.de\/catalog\/index.php?rest_route=%2Fwp%2Fv2%2Fcomments&post=14103"}],"wp:attachment":[{"href":"https:\/\/weingut-zoebel.de\/catalog\/index.php?rest_route=%2Fwp%2Fv2%2Fmedia&parent=14103"}],"wp:term":[{"taxonomy":"product_brand","embeddable":true,"href":"https:\/\/weingut-zoebel.de\/catalog\/index.php?rest_route=%2Fwp%2Fv2%2Fproduct_brand&post=14103"},{"taxonomy":"product_cat","embeddable":true,"href":"https:\/\/weingut-zoebel.de\/catalog\/index.php?rest_route=%2Fwp%2Fv2%2Fproduct_cat&post=14103"},{"taxonomy":"product_tag","embeddable":true,"href":"https:\/\/weingut-zoebel.de\/catalog\/index.php?rest_route=%2Fwp%2Fv2%2Fproduct_tag&post=14103"}],"curies":[{"name":"wp","href":"https:\/\/api.w.org\/{rel}","templated":true}]}}